 208 + 0. Let z(g) = g + 11. Let h be z(8). Suppose 4*s - a + h = 126, 3*a = 4*s - 113. Calculate the highest common divisor of c and s.
26
Suppose -3*w - s - 422 + 1955 = 0, 4*s = -5*w + 2548. Suppose -90*h = -86*h - 32. Calculate the greatest common factor of w and h.
8
Suppose 414*o = 422*o - 6480. Calculate the greatest common factor of o and 30.
30
Let i(l) = 7*l**2 + 869*l - 22. Let s be i(-143). Calculate the highest common factor of 22 and s.
22
Let q = 424 + 104. Let f = 550 - q. Calculate the highest common divisor of 1408 and f.
22
Suppose -12*w - 2324 = 772. Let c = w - -338. Calculate the highest common factor of 60 and c.
20
Let w(u) be the third derivative of u**5/30 + 5*u**4/24 + u**3/2 + 32*u**2. Let s be w(-2). Let h = 6 - 4. Calculate the highest common factor of s and h.
1
Suppose -4*w = -k + 285, -w - 1140 = -5*k + k. Calculate the greatest common factor of k and 120.
15
Let x = -261 - -266. Let o be 25 - (0*x/25 + -5). What is the greatest common factor of 30 and o?
30
Let d = -849 - -853. Calculate the greatest common divisor of d and 206.
2
Let d(b) = b**3 + 13*b**2 + 11*b - 11. Let p = -28 + 16. Let i be d(p). Let r(q) = -q - 6. Let f be r(-11). What is the greatest common divisor of i and f?
1
Let u be 17/(102/(-117))*(914/(-6) - 3). Calculate the highest common divisor of u and 52.
13
Let p = -7608 + 7798. What is the greatest common factor of p and 30?
10
Let s(n) = n**3 - 3*n**2 + 21*n - 37. Let o be s(2). What is the greatest common divisor of o and 191?
1
Let j be (-3855)/514 - 92/(-8). Suppose -5*n - 2*z + 38 = 0, 6 = 4*n + 5*z - 38. Calculate the greatest common factor of j and n.
2
Let g(m) = 3 - 10*m - 3*m + m + 3*m**2 + 9. Let l be g(5). Let n = -17 + 35. Calculate the greatest common divisor of l and n.
9
Suppose -5*b - 40*i + 344 + 246 = 0, -74 = -3*b + 4*i. Let j be ((-10)/3)/(4/(-114)). Calculate the highest common divisor of b and j.
19
Let p = -1282 + 1567. What is the greatest common factor of 1235 and p?
95
Let x(z) be the third derivative of -z**5/60 - 11*z**4/24 + 5*z**3/6 + 37*z**2. Let l be x(-11). What is the highest common divisor of l and 20?
5
Suppose -3*o - 5*n + 14 = 0, -10 = -2*o + 3*n - 7. Suppose -3*b = 4*z - 5*z, -2*b - 14 = -o*z. Calculate the highest common factor of z and 96.
6
Suppose 4*y + 3*p - 424 = 7*p, -5*y + 4*p = -529. Calculate the greatest common factor of y and 2565.
15
Let g = 1681 - 1679. Calculate the highest common divisor of 239 and g.
1
Suppose 135018 - 11718 = 30*x. Calculate the greatest common divisor of x and 135.
15
Let v(u) = u**2 - 5*u - 6. Suppose 3*q + 3*w + 12 = 0, 3*w + 0*w - 6 = 3*q. Let b be v(q). Let l = b + -4. What is the greatest common factor of l and 14?
14
Suppose 127*l = 6678 + 2006 + 10620. What is the highest common divisor of 248 and l?
8
Suppose -5*j - 2*b + 117 - 1469 = 0, 0 = 7*j + 2*b + 1896. Let m be 545/4 + 68/j. What is the highest common factor of 748 and m?
68
Let f be (188/(-2) - -3) + -3. Let h be (-10)/(-30) - (2 - f/(-6)). Calculate the highest common factor of h and 35.
7
Suppose -128*k + 2002 = -1454. Calculate the greatest common factor of k and 5337.
9
Let v be (16/1)/(366/45 + -8). Let l = 150 - v. What is the greatest common divisor of 40 and l?
10
Let x(t) be the third derivative of 3*t**3 + 0*t + 1/12*t**4 + 0 - 3*t**2. Let k be x(-5). What is the greatest common factor of k and 8?
8
Let a = -6500 - -7115. What is the highest common factor of a and 1435?
205
Let i(a) = 6*a**2 + 27*a + 56. Let z be i(-6). Let w = 47 + 3. Suppose 5*x + w = 4*l, 5*l - 2*x - 52 = -x. What is the highest common divisor of l and z?
10
Suppose m = 9*m - 8096. Suppose 4*x + m = 2*k + 3*x, 4*k - x - 2024 = 0. Calculate the highest common factor of 22 and k.
22
Suppose -4*f + 37 = -43. Suppose -3*p = -186 - 39. Let q be (4/(-12) - -3)*p/4. Calculate the highest common factor of f and q.
10
Suppose 117 - 35 = -i. Let z be (i/(-2))/((-5 + 8)/3). Calculate the highest common factor of z and 287.
41
Let w be (0/3)/(4 - 8). Suppose -44*s + 48*s - 660 = w. What is the greatest common factor of 99 and s?
33
Suppose 2*p = -3*x + 47, 0 = -6*p + 8*p + 2*x - 44. What is the highest common divisor of p and 3040?
19
Let q = 80 + -80. Let z(t) = t + 2 + t**2 + t**3 + 0*t**3 + 7 + 0*t**2. Let n be z(q). What is the highest common divisor of 1 and n?
1
Let o be (-3)/((-3)/(-8)) - (-344 + -5). Calculate the greatest common divisor of o and 248.
31
Suppose 0 = -2*m - 3*s + 172, m - 3*s - 17 = 51. Calculate the greatest common factor of 784 and m.
16
Let y be (-1)/(18/96)*-3. Suppose 0 = 4*w + 5*x - 55, w - x + 55 = 4*w. Suppose w = 3*b - y. Calculate the highest common divisor of b and 24.
12
Let y(u) = -u**3 - 5*u**2 + u + 4. Let r be y(-8). Suppose 32 = 4*h - r. Suppose 15 = 6*p - 3*p. Calculate the greatest common divisor of p and h.
5
Let r(k) be the third derivative of k**5/12 + 5*k**4/24 - 5*k**3/3 - 60*k**2. Let v be r(2). What is the greatest common divisor of 250 and v?
10
Let j = -163 + 168. Suppose 0 = 3*f - 2*k + 3*k - 14, 4*f - j*k = 6. What is the highest common factor of 18 and f?
2
Let t = 13433 - 13429. Calculate the greatest common factor of t and 3076.
4
Let a = 131 + 31. Suppose 114 - a = -3*m. What is the highest common divisor of m and 160?
16
Let d(y) = -169*y - 18. Let q = 281 - 283. Let s be d(q). What is the highest common divisor of 16 and s?
16
Let a = 13 - -5. Let r be 0 - (-2 + 5 + -8). Suppose 0 = r*c - 6 - 4. What is the greatest common factor of c and a?
2
Let p = -1 - -5. Suppose 2*j + 2 = p. Let d(r) = -r**2 - 166*r + 857. Let f be d(5). What is the highest common divisor of j and f?
1
Let n = 43649 - 29348. Suppose -48*u - 2157 + n = 0. Calculate the highest common factor of u and 22.
11
Let x = 168 - 190. Let l be (2/(-2))/(11/x) - -158. Calculate the greatest common factor of 32 and l.
32
Let q = 1810 - 1090. Suppose 0 = 3*m - 2*z - q, 217 + 983 = 5*m - 3*z. What is the greatest common divisor of m and 10?
10
Suppose 0 = 23*h - 3317 - 4708 + 1838. What is the greatest common divisor of 1 and h?
1
Suppose 4*u - 3*j - 249 = 0, -6*j + 5*j + 190 = 3*u. What is the greatest common divisor of 3717 and u?
63
Suppose -2*r = -10, 0 = -3*l + 6*r - 2*r + 16. Let j(w) = 17*w - 4. Let u be j(4). Calculate the highest common factor of u and l.
4
Let a = 91 - 53. Suppose -r + a = 5*s - 2*r, 0 = s + 4*r - 16. Suppose -9*f + s*f = -51. What is the highest common divisor of f and 34?
17
Suppose -43*p + 16*p + 243 = 0. Suppose 5*v + a - 401 = 0, 2*a - a - 239 = -3*v. What is the greatest common factor of p and v?
9
Suppose 20*j - 432 = 257 + 151. What is the highest common divisor of 6342 and j?
42
Suppose -5*k - k + 18 = 0. Suppose -d - 4 = -k*d. Let s be (163 + -3)/5 - d. Calculate the highest common divisor of 10 and s.
10
Let m be (-8)/(-1) + (-14 - -8). Suppose -m*a + 96 = 72. What is the highest common factor of a and 816?
12
Let z be 51*(-8)/(-36)*3. Suppose -8 = 15*d - 7*d. Let o be (-101 + d)*(-55)/15. Calculate the highest common factor of z and o.
34
Let h = 283 - 301. Let s be 11410/315 + 4/h. What is the greatest common factor of 9 and s?
9
Let p(v) = 35*v + 640. Let z be p(-18). Calculate the greatest common divisor of 30 and z.
10
Let n(y) = 284*y - 1233. Let r be n(37). What is the highest common divisor of r and 350?
175
Suppose q + 3*q - 20 = 0. Suppose 35 = q*b + 10. Suppose -4*y = -b*x - y + 220, 0 = 3*y. What is the highest common factor of x and 484?
44
Let k = -191 + 203. Suppose -3*f - 2*j = -0*f - k, -5 = -f - j. Calculate the greatest common divisor of 18 and f.
2
Let z = 4314 + -4267. What is the highest common divisor of 3807 and z?
47
Let l be 5/(-1) - (4 + -5). Let h be ((-48)/3)/4 - l. Suppose 3*m + 4*m - 7 = h. What is the highest common divisor of 16 and m?
1
Let w be 21/((-5)/2*(-30)/25). Suppose 46 = w*y - 171. What is the highest common divisor of y and 93?
31
Suppose -6*h + 32 = -4*h + s, 3*h - 5*s = 48. Calculate the greatest common factor of h and 44.
4
Let w(j) = -58*j + 2*j**2 + 141*j - 69*j + 15. Let p be w(-6). Let v = -19 + 52. What is the highest common factor of p and v?
3
Let d(x) = 125*x**2 - 589*x. Let k be d(5). Calculate the greatest common factor of k and 576.
36
Let n(b) = 117*b**2 + 58*b - 